{"id":13,"date":"2007-11-29T00:01:28","date_gmt":"2007-11-28T22:01:28","guid":{"rendered":"http:\/\/www.olimpici.hu\/blog\/?page_id=13"},"modified":"2016-10-22T23:57:58","modified_gmt":"2016-10-22T21:57:58","slug":"gp-eredmenyek-20062007","status":"publish","type":"page","link":"https:\/\/www.olimpici.hu\/?page_id=13","title":{"rendered":"GP-eredm\u00e9nyek\/results 2006\/2007"},"content":{"rendered":"<table class=\"gp_results\" border=\"0\">\n<tbody>\n<tr>\n<th colspan=\"2\" scope=\"col\"> GP2 &#8211; F\u00fcl\u00f6p Gyula Eml\u00e9kverseny<br \/>\n2006&#8242; 12. 08\u201309\u201310.<\/th>\n<\/tr>\n<tr>\n<td style=\"text-align: center;\"><strong>Fi\u00fak \/ Boys<\/strong>&nbsp;<\/p>\n<ul>\n<li><a href=\"http:\/\/www.olimpici.hu\/sites\/attachments\/eredmenyek\/20061212-gp2-debrecen\/061208_OlimpiciGP2_gyF.pdf\" target=\"_blank\">Gyermek\/Kid<\/a> <span style=\"color: #00ff00;\">\u2022<\/span><\/li>\n<li><a href=\"http:\/\/www.olimpici.hu\/sites\/attachments\/eredmenyek\/20061212-gp2-debrecen\/061209_OlimpiciGP2_ujF.pdf\" target=\"_blank\">\u00dajonc\/Novices<\/a> <span style=\"color: #00ff00;\">\u2022<\/span><\/li>\n<li><a href=\"http:\/\/www.olimpici.hu\/sites\/attachments\/eredmenyek\/20061212-gp2-debrecen\/061210_OlimpiciGP2_serF.pdf\" target=\"_blank\">Serd\u00fcl\u0151\/Adolescent<\/a> <span style=\"color: #00ff00;\">\u2022<\/span><\/li>\n<\/ul>\n<\/td>\n<td style=\"text-align: center;\"><strong>Le\u00e1nyok \/ Girls<\/strong>&nbsp;<\/p>\n<ul>\n<li><a href=\"http:\/\/www.olimpici.hu\/sites\/attachments\/eredmenyek\/20061212-gp2-debrecen\/061208_OlimpiciGP2_gyL.pdf\" target=\"_blank\">Gyermek\/Kid<\/a> <span style=\"color: #00ff00;\">\u2022<\/span><\/li>\n<li><a href=\"http:\/\/www.olimpici.hu\/sites\/attachments\/eredmenyek\/20061212-gp2-debrecen\/061209_OlimpiciGP2_ujL.pdf\" target=\"_blank\">\u00dajonc\/Novices<\/a> <span style=\"color: #00ff00;\">\u2022<\/span><\/li>\n<li><a href=\"http:\/\/www.olimpici.hu\/sites\/attachments\/eredmenyek\/20061212-gp2-debrecen\/061210_OlimpiciGP2_serL.pdf\" target=\"_blank\">Serd\u00fcl\u0151\/Adolescent<\/a> <span style=\"color: #00ff00;\">\u2022<\/span><\/li>\n<\/ul>\n<\/td>\n<\/tr>\n<\/tbody>\n<\/table>\n<table class=\"gp_results\" border=\"0\">\n<tbody>\n<tr>\n<th colspan=\"2\" scope=\"col\"> GP1 &#8211; Balaton Kupa\/Balaton Cup<br \/>\n2006&#8242; 10. 20\u201321\u201322.<\/th>\n<\/tr>\n<tr>\n<td style=\"text-align: center;\"><strong>Fi\u00fak \/ Boys<\/strong>&nbsp;<\/p>\n<ul>\n<li><a href=\"http:\/\/www.olimpici.hu\/sites\/attachments\/eredmenyek\/20061020-gp1-keszthely\/061020_OlimpiciGP1_gyF.pdf\" target=\"_blank\">Gyermek\/Kid<\/a> <span style=\"color: #00ff00;\">\u2022<\/span><\/li>\n<li><a href=\"http:\/\/www.olimpici.hu\/sites\/attachments\/eredmenyek\/20061020-gp1-keszthely\/061021_OlimpiciGP1_ujF.pdf\" target=\"_blank\">\u00dajonc\/Novices<\/a> <span style=\"color: #00ff00;\">\u2022<\/span><\/li>\n<li><a href=\"http:\/\/www.olimpici.hu\/sites\/attachments\/eredmenyek\/20061020-gp1-keszthely\/061022_OlimpiciGP1_serF.pdf\" target=\"_blank\">Serd\u00fcl\u0151\/Adolescent<\/a> <span style=\"color: #00ff00;\">\u2022<\/span><\/li>\n<\/ul>\n<\/td>\n<td style=\"text-align: center;\"><strong>Le\u00e1nyok \/ Girls<\/strong>&nbsp;<\/p>\n<ul>\n<li><a href=\"http:\/\/www.olimpici.hu\/sites\/attachments\/eredmenyek\/20061020-gp1-keszthely\/061020_OlimpiciGP1_gyL.pdf\" target=\"_blank\">Gyermek\/Kid<\/a> <span style=\"color: #00ff00;\">\u2022<\/span><\/li>\n<li><a href=\"http:\/\/www.olimpici.hu\/sites\/attachments\/eredmenyek\/20061020-gp1-keszthely\/061021_OlimpiciGP1_ujL.pdf\" target=\"_blank\">\u00dajonc\/Novices<\/a> <span style=\"color: #00ff00;\">\u2022<\/span><\/li>\n<li><a href=\"http:\/\/www.olimpici.hu\/sites\/attachments\/eredmenyek\/20061020-gp1-keszthely\/061022_OlimpiciGP1_serL.pdf\" target=\"_blank\">Serd\u00fcl\u0151\/Adolescent<\/a> <span style=\"color: #00ff00;\">\u2022<\/span><\/li>\n<\/ul>\n<\/td>\n<\/tr>\n<\/tbody>\n<\/table>\n<p>Hamarosan felker\u00fclnek az els\u0151 id\u00e9ny tov\u00e1bbi eredm\u00e9nyei&#8230;<\/p>\n","protected":false},"excerpt":{"rendered":"<p>GP2 &#8211; F\u00fcl\u00f6p Gyula Eml\u00e9kverseny 2006&#8242; 12. 08\u201309\u201310. Fi\u00fak \/ Boys&nbsp; Gyermek\/Kid \u2022 \u00dajonc\/Novices \u2022 Serd\u00fcl\u0151\/Adolescent \u2022 Le\u00e1nyok \/ Girls&nbsp; Gyermek\/Kid \u2022 \u00dajonc\/Novices \u2022 Serd\u00fcl\u0151\/Adolescent \u2022 GP1 &#8211; Balaton Kupa\/Balaton Cup 2006&#8242; 10. 20\u201321\u201322. Fi\u00fak \/ Boys&nbsp; Gyermek\/Kid \u2022 \u00dajonc\/Novices \u2022 Serd\u00fcl\u0151\/Adolescent \u2022 Le\u00e1nyok \/ Girls&nbsp; Gyermek\/Kid \u2022 \u00dajonc\/Novices \u2022 Serd\u00fcl\u0151\/Adolescent \u2022 Hamarosan felker\u00fclnek az&hellip;&nbsp;<a href=\"https:\/\/www.olimpici.hu\/?page_id=13\" class=\"\" rel=\"bookmark\">Read More &raquo;<span class=\"screen-reader-text\">GP-eredm\u00e9nyek\/results 2006\/2007<\/span><\/a><\/p>\n","protected":false},"author":2,"featured_media":0,"parent":6,"menu_order":1,"comment_status":"closed","ping_status":"closed","template":"","meta":{"neve_meta_sidebar":"","neve_meta_container":"","neve_meta_enable_content_width":"","neve_meta_content_width":0,"neve_meta_title_alignment":"","neve_meta_author_avatar":"","neve_post_elements_order":"","neve_meta_disable_header":"","neve_meta_disable_footer":"","neve_meta_disable_title":"","footnotes":""},"_links":{"self":[{"href":"https:\/\/www.olimpici.hu\/index.php?rest_route=\/wp\/v2\/pages\/13"}],"collection":[{"href":"https:\/\/www.olimpici.hu\/index.php?rest_route=\/wp\/v2\/pages"}],"about":[{"href":"https:\/\/www.olimpici.hu\/index.php?rest_route=\/wp\/v2\/types\/page"}],"author":[{"embeddable":true,"href":"https:\/\/www.olimpici.hu\/index.php?rest_route=\/wp\/v2\/users\/2"}],"replies":[{"embeddable":true,"href":"https:\/\/www.olimpici.hu\/index.php?rest_route=%2Fwp%2Fv2%2Fcomments&post=13"}],"version-history":[{"count":8,"href":"https:\/\/www.olimpici.hu\/index.php?rest_route=\/wp\/v2\/pages\/13\/revisions"}],"predecessor-version":[{"id":3531,"href":"https:\/\/www.olimpici.hu\/index.php?rest_route=\/wp\/v2\/pages\/13\/revisions\/3531"}],"up":[{"embeddable":true,"href":"https:\/\/www.olimpici.hu\/index.php?rest_route=\/wp\/v2\/pages\/6"}],"wp:attachment":[{"href":"https:\/\/www.olimpici.hu\/index.php?rest_route=%2Fwp%2Fv2%2Fmedia&parent=13"}],"curies":[{"name":"wp","href":"https:\/\/api.w.org\/{rel}","templated":true}]}}

GP-eredmények/results 2006/2007

<table class="gp_results" border="0">
<tbody>
<tr>
<th colspan="2" scope="col"> GP2 &#8211; Fülöp Gyula Emlékverseny<br />
2006&#8242; 12. 08–09–10.</th>
</tr>
<tr>
<td style="text-align: center;"><strong>Fiúk / Boys</strong>&nbsp;</p>
<ul>
<li><a href="http://www.olimpici.hu/sites/attachments/eredmenyek/20061212-gp2-debrecen/061208_OlimpiciGP2_gyF.pdf" target="_blank">Gyermek/Kid</a> <span style="color: #00ff00;">•</span></li>
<li><a href="http://www.olimpici.hu/sites/attachments/eredmenyek/20061212-gp2-debrecen/061209_OlimpiciGP2_ujF.pdf" target="_blank">Újonc/Novices</a> <span style="color: #00ff00;">•</span></li>
<li><a href="http://www.olimpici.hu/sites/attachments/eredmenyek/20061212-gp2-debrecen/061210_OlimpiciGP2_serF.pdf" target="_blank">Serdülő/Adolescent</a> <span style="color: #00ff00;">•</span></li>
</ul>
</td>
<td style="text-align: center;"><strong>Leányok / Girls</strong>&nbsp;</p>
<ul>
<li><a href="http://www.olimpici.hu/sites/attachments/eredmenyek/20061212-gp2-debrecen/061208_OlimpiciGP2_gyL.pdf" target="_blank">Gyermek/Kid</a> <span style="color: #00ff00;">•</span></li>
<li><a href="http://www.olimpici.hu/sites/attachments/eredmenyek/20061212-gp2-debrecen/061209_OlimpiciGP2_ujL.pdf" target="_blank">Újonc/Novices</a> <span style="color: #00ff00;">•</span></li>
<li><a href="http://www.olimpici.hu/sites/attachments/eredmenyek/20061212-gp2-debrecen/061210_OlimpiciGP2_serL.pdf" target="_blank">Serdülő/Adolescent</a> <span style="color: #00ff00;">•</span></li>
</ul>
</td>
</tr>
</tbody>
</table>
<table class="gp_results" border="0">
<tbody>
<tr>
<th colspan="2" scope="col"> GP1 &#8211; Balaton Kupa/Balaton Cup<br />
2006&#8242; 10. 20–21–22.</th>
</tr>
<tr>
<td style="text-align: center;"><strong>Fiúk / Boys</strong>&nbsp;</p>
<ul>
<li><a href="http://www.olimpici.hu/sites/attachments/eredmenyek/20061020-gp1-keszthely/061020_OlimpiciGP1_gyF.pdf" target="_blank">Gyermek/Kid</a> <span style="color: #00ff00;">•</span></li>
<li><a href="http://www.olimpici.hu/sites/attachments/eredmenyek/20061020-gp1-keszthely/061021_OlimpiciGP1_ujF.pdf" target="_blank">Újonc/Novices</a> <span style="color: #00ff00;">•</span></li>
<li><a href="http://www.olimpici.hu/sites/attachments/eredmenyek/20061020-gp1-keszthely/061022_OlimpiciGP1_serF.pdf" target="_blank">Serdülő/Adolescent</a> <span style="color: #00ff00;">•</span></li>
</ul>
</td>
<td style="text-align: center;"><strong>Leányok / Girls</strong>&nbsp;</p>
<ul>
<li><a href="http://www.olimpici.hu/sites/attachments/eredmenyek/20061020-gp1-keszthely/061020_OlimpiciGP1_gyL.pdf" target="_blank">Gyermek/Kid</a> <span style="color: #00ff00;">•</span></li>
<li><a href="http://www.olimpici.hu/sites/attachments/eredmenyek/20061020-gp1-keszthely/061021_OlimpiciGP1_ujL.pdf" target="_blank">Újonc/Novices</a> <span style="color: #00ff00;">•</span></li>
<li><a href="http://www.olimpici.hu/sites/attachments/eredmenyek/20061020-gp1-keszthely/061022_OlimpiciGP1_serL.pdf" target="_blank">Serdülő/Adolescent</a> <span style="color: #00ff00;">•</span></li>
</ul>
</td>
</tr>
</tbody>
</table>
<p>Hamarosan felkerülnek az első idény további eredményei&#8230;</p>

<p>GP2 &#8211; Fülöp Gyula Emlékverseny 2006&#8242; 12. 08–09–10. Fiúk / Boys&nbsp; Gyermek/Kid • Újonc/Novices • Serdülő/Adolescent • Leányok / Girls&nbsp; Gyermek/Kid • Újonc/Novices • Serdülő/Adolescent • GP1 &#8211; Balaton Kupa/Balaton Cup 2006&#8242; 10. 20–21–22. Fiúk / Boys&nbsp; Gyermek/Kid • Újonc/Novices • Serdülő/Adolescent • Leányok / Girls&nbsp; Gyermek/Kid • Újonc/Novices • Serdülő/Adolescent • Hamarosan felkerülnek az&hellip;&nbsp;<a href="https://www.olimpici.hu/?page_id=13" class="" rel="bookmark">Read More &raquo;<span class="screen-reader-text">GP-eredmények/results 2006/2007</span></a></p>
