{"id":4,"date":"2007-10-24T22:31:18","date_gmt":"2007-10-24T20:31:18","guid":{"rendered":"http:\/\/www.olimpici.hu\/blog\/?page_id=4"},"modified":"2024-04-08T17:48:25","modified_gmt":"2024-04-08T15:48:25","slug":"versenykiirasok","status":"publish","type":"page","link":"https:\/\/www.olimpici.hu\/?page_id=4","title":{"rendered":"Versenyki\u00edr\u00e1sok"},"content":{"rendered":"\n<p>Az Olimpici GP fordul\u00f3i a 2023\/2024-es id\u00e9nyben:<\/p>\n\n\n\n<p>2023 okt\u00f3ber 06 &#8211; 2023 okt\u00f3ber 08 \u00a0\u2013 Debrecen (Hajd\u00fahadh\u00e1z)<br>2023 december 01 &#8211; 03 \u00a0\u2013 Szolnok<br>2024 febru\u00e1r 09 &#8211; 11 \u00a0\u2013 Budapest<br>2024 m\u00e1rcius 23 &#8211; 24 \u00a0\u2013 P\u00e9cs<br>2024 m\u00e1jus 17 &#8211; 19 \u00a0 \u2013 B\u00e9k\u00e9scsaba<br><span style=\"color: #000000;\">2024 j\u00fanius 23 &#8211; 28 \u00a0\u2013 Balatonf\u00fcred, Orsz\u00e1gos Bajnoks\u00e1g\u00a0<\/span><\/p>\n\n\n\n<p><strong>&#8212;&#8212;&#8212;&#8212;&#8212;&#8212;&#8212;&#8212;&#8212;&#8212;&#8212;&#8212;&#8212;&#8212;&#8212;&#8212;&#8212;&#8212;&#8212;&#8212;&#8212;&#8212;&nbsp;<\/strong><\/p>\n\n\n\n<p><strong>Grand Prix 1.<br>F\u00fcl\u00f6p Gyula Eml\u00e9kverseny<br>2023.10.06 &#8211; 2023.10.08<br><a href=\"https:\/\/www.olimpici.hu\/blog\/wp-content\/uploads\/2022\/09\/2022-2023_inv_gp1debrecen_hu_V01-1.pdf\">Versenyki\u00edr\u00e1s<\/a>&nbsp;| Facebook-esem\u00e9ny&nbsp;(EL\u00c9RHET\u0150)<\/strong><br>Bocskai Istv\u00e1n K\u00e9t Tan\u00edt\u00e1si Nyelv\u0171 \u00c1ltal\u00e1nos Iskola Sportcsarnoka<br>4242 Hajd\u00fahadh\u00e1z, Szil\u00e1gyi D\u00e1niel u. 2\u20134.<br>Rendez\u0151: B\u00c9KESSY DEBRECEN<\/p>\n\n\n\n<div data-wp-interactive=\"\" class=\"wp-block-file\"><object data-wp-bind--hidden=\"!selectors.core.file.hasPdfPreview\" hidden class=\"wp-block-file__embed\" data=\"https:\/\/www.olimpici.hu\/blog\/wp-content\/uploads\/2023\/09\/2023-2024_inv_gp1debrecen_hu.pdf\" type=\"application\/pdf\" style=\"width:100%;height:600px\" aria-label=\"2023-2024_inv_gp1debrecen_hu be\u00e1gyaz\u00e1sa\"><\/object><a id=\"wp-block-file--media-1968407e-8eef-4129-adf7-5c189175a089\" href=\"https:\/\/www.olimpici.hu\/blog\/wp-content\/uploads\/2023\/09\/2023-2024_inv_gp1debrecen_hu.pdf\">2023-2024_inv_gp1debrecen_hu<\/a><a href=\"https:\/\/www.olimpici.hu\/blog\/wp-content\/uploads\/2023\/09\/2023-2024_inv_gp1debrecen_hu.pdf\" class=\"wp-block-file__button wp-element-button\" download aria-describedby=\"wp-block-file--media-1968407e-8eef-4129-adf7-5c189175a089\">Let\u00f6lt\u00e9s<\/a><\/div>\n\n\n\n<div data-wp-interactive=\"\" class=\"wp-block-file\"><object data-wp-bind--hidden=\"!selectors.core.file.hasPdfPreview\" hidden class=\"wp-block-file__embed\" data=\"https:\/\/www.olimpici.hu\/blog\/wp-content\/uploads\/2023\/09\/2023_2024_inv_gp1_Debrecen_en.pdf\" type=\"application\/pdf\" style=\"width:100%;height:600px\" aria-label=\"2023_2024_inv_gp1_Debrecen_en be\u00e1gyaz\u00e1sa\"><\/object><a id=\"wp-block-file--media-edf7d750-7586-441a-94c9-de4bee04db72\" href=\"https:\/\/www.olimpici.hu\/blog\/wp-content\/uploads\/2023\/09\/2023_2024_inv_gp1_Debrecen_en.pdf\">2023_2024_inv_gp1_Debrecen_en<\/a><a href=\"https:\/\/www.olimpici.hu\/blog\/wp-content\/uploads\/2023\/09\/2023_2024_inv_gp1_Debrecen_en.pdf\" class=\"wp-block-file__button wp-element-button\" download aria-describedby=\"wp-block-file--media-edf7d750-7586-441a-94c9-de4bee04db72\">Let\u00f6lt\u00e9s<\/a><\/div>\n\n\n\n<p><\/p>\n\n\n\n<p><strong>Orsz\u00e1gos Bajnoks\u00e1g, Balatonf\u00fcred<br>2023. j\u00fanius 17-22 <br>Versenyki\u00edr\u00e1s | Facebook-esem\u00e9ny <br>Rendez\u0151: <\/strong>Balaton V\u00edv\u00f3klub <\/p>\n\n\n\n<div data-wp-interactive=\"\" class=\"wp-block-file\"><object data-wp-bind--hidden=\"!selectors.core.file.hasPdfPreview\" hidden class=\"wp-block-file__embed\" data=\"https:\/\/www.olimpici.hu\/blog\/wp-content\/uploads\/2023\/05\/2022-2023_inv_pbt_ob.pdf\" type=\"application\/pdf\" style=\"width:100%;height:600px\" aria-label=\"2022-2023_inv_pbt_ob be\u00e1gyaz\u00e1sa\"><\/object><a id=\"wp-block-file--media-b605c9dc-5800-4be6-83c7-ced1d32064ab\" href=\"https:\/\/www.olimpici.hu\/blog\/wp-content\/uploads\/2023\/05\/2022-2023_inv_pbt_ob.pdf\">2022-2023_inv_pbt_ob<\/a><a href=\"https:\/\/www.olimpici.hu\/blog\/wp-content\/uploads\/2023\/05\/2022-2023_inv_pbt_ob.pdf\" class=\"wp-block-file__button wp-element-button\" download aria-describedby=\"wp-block-file--media-b605c9dc-5800-4be6-83c7-ced1d32064ab\">Let\u00f6lt\u00e9s<\/a><\/div>\n\n\n\n<p>&#8212;&#8212;&#8212;&#8212;&#8212;&#8212;&#8212;&#8212;&#8212;&#8212;&#8212;&#8212;&#8212;&#8212;&#8212;&#8212;&#8212;&#8212;&#8212;&#8212;&#8212;&#8212;&#8212;&#8212;&#8212;&#8212;&#8212;&#8212;&#8212;&#8212;&#8212;&#8212;&#8212;&#8212;&#8212;&#8212;&#8212;&#8212;&#8212;&#8212;&#8212;&#8212;&#8212;&#8212;&#8212;&#8212;&#8212;&#8212;&#8212;&#8212;&#8212;&#8212;&#8212;&#8212;&#8212;&#8212;&#8212;&#8212;&#8212;&#8212;&#8212;&#8212;&#8212;&#8212;&#8212;&#8212;&#8212;&#8212;&#8212;&#8212;-<\/p>\n\n\n\n<p><strong>Grand Prix 5.<br>2023. m\u00e1jus 27-28<br>Versenyki\u00edr\u00e1s | Facebook-esem\u00e9ny (NEM EL\u00c9RHET\u0150)<br>Rendez\u0151: Alf\u00f6ld V\u00edv\u00f3 Akad\u00e9mia<\/strong><\/p>\n\n\n\n<div data-wp-interactive=\"\" class=\"wp-block-file\"><object data-wp-bind--hidden=\"!selectors.core.file.hasPdfPreview\" hidden class=\"wp-block-file__embed\" data=\"https:\/\/www.olimpici.hu\/blog\/wp-content\/uploads\/2023\/04\/2022-2023_inv_GP5_Bcsaba_hu-1.pdf\" type=\"application\/pdf\" style=\"width:100%;height:600px\" aria-label=\"2022-2023_inv_GP5_Bcsaba_hu-1 be\u00e1gyaz\u00e1sa\"><\/object><a id=\"wp-block-file--media-668fa5d6-9e8c-463b-bf99-9f4247df8fd1\" href=\"https:\/\/www.olimpici.hu\/blog\/wp-content\/uploads\/2023\/04\/2022-2023_inv_GP5_Bcsaba_hu-1.pdf\">2022-2023_inv_GP5_Bcsaba_hu-1<\/a><a href=\"https:\/\/www.olimpici.hu\/blog\/wp-content\/uploads\/2023\/04\/2022-2023_inv_GP5_Bcsaba_hu-1.pdf\" class=\"wp-block-file__button wp-element-button\" download aria-describedby=\"wp-block-file--media-668fa5d6-9e8c-463b-bf99-9f4247df8fd1\">Let\u00f6lt\u00e9s<\/a><\/div>\n\n\n\n<p><\/p>\n\n\n\n<p><strong>Grand Prix 1.<br>F\u00fcl\u00f6p Gyula Eml\u00e9kverseny<br><\/strong><strong><span style=\"color: #99cc00;\">2022.09.30-2022.10.02<\/span><br><\/strong><strong><span style=\"color: #ff0000;\"><span style=\"color: #000000;\"><span style=\"color: #0000ff;\"><span style=\"color: #999999;\"><a href=\"https:\/\/www.olimpici.hu\/blog\/wp-content\/uploads\/2022\/09\/2022-2023_inv_gp1debrecen_hu_V01-1.pdf\">Versenyki\u00edr\u00e1s<\/a>&nbsp;| <\/span><\/span><\/span><\/span><span style=\"color: #00ccff;\"><span style=\"color: #999999;\">Facebook-esem\u00e9ny<\/span>&nbsp;<span style=\"color: #339966;\">(EL\u00c9RHET\u0150)<\/span><\/span><\/strong><br>Bocskai Istv\u00e1n K\u00e9t Tan\u00edt\u00e1si Nyelv\u0171 \u00c1ltal\u00e1nos Iskola Sportcsarnoka<br>4242 Hajd\u00fahadh\u00e1z, Szil\u00e1gyi D\u00e1niel u. 2\u20134.<br>Rendez\u0151: B\u00c9KESSY DEBRECEN<\/p>\n\n\n\n<p><strong>Grand Prix 2.<br>Szolnok Kupa<br><span style=\"color: #ff0000;\"><span style=\"color: #000000;\"><span style=\"color: #0000ff;\"><span style=\"color: #999999;\"><span style=\"color: #99cc00;\">2022. december 02-04<\/span><br><a href=\"https:\/\/www.olimpici.hu\/blog\/wp-content\/uploads\/2022\/11\/2022_2023_inv_gp2szolnok_en.pdf\">Versenyki\u00edr\u00e1s<\/a>&nbsp;| <\/span><\/span><\/span><\/span><span style=\"color: #ff0000;\"><span style=\"color: #999999;\">Facebook-esem\u00e9ny <span style=\"color: #00ccff;\"><span style=\"color: #339966;\">(EL\u00c9RHET\u0150)<\/span><\/span><\/span><\/span><br>Rendez\u0151: Szolnoki Sportcentrum Nonprofit Kft.<\/strong><\/p>\n\n\n\n<p><strong>Grand Prix 3.<br><span style=\"color: #ff0000;\"><span style=\"color: #000000;\"><span style=\"color: #0000ff;\"><span style=\"color: #999999;\"><span style=\"color: #99cc00;\">2023. febru\u00e1r 03-05<\/span><br><a href=\"https:\/\/www.olimpici.hu\/blog\/wp-content\/uploads\/2023\/01\/2022-2023_olimpici_g3_vasas.pdf\" target=\"_blank\" rel=\"noopener\">Versenyki\u00edr\u00e1s<\/a>&nbsp;| <\/span><\/span><\/span><\/span><span style=\"color: #ff0000;\"><span style=\"color: #999999;\">Facebook-esem\u00e9ny<span style=\"color: #ff0000;\"> <span style=\"color: #00ccff;\"><span style=\"color: #339966;\">(EL\u00c9RHET\u0150)<\/span><\/span><\/span><\/span><\/span><br>Rendez\u0151: VASAS SC<\/strong><\/p>\n\n\n\n<p><strong>Grand Prix 4.<br><span style=\"color: #ff0000;\"><span style=\"color: #000000;\"><span style=\"color: #0000ff;\"><span style=\"color: #999999;\"><span style=\"color: #99cc00;\">2023. m\u00e1rcius 18-19<\/span><\/span><\/span><\/span><\/span><\/strong><\/p>\n\n\n\n<div data-wp-interactive=\"\" class=\"wp-block-file\"><object data-wp-bind--hidden=\"!selectors.core.file.hasPdfPreview\" hidden class=\"wp-block-file__embed\" data=\"https:\/\/www.olimpici.hu\/blog\/wp-content\/uploads\/2023\/03\/2022-2023_inv_gp4pecs_hu.pdf\" type=\"application\/pdf\" style=\"width:100%;height:600px\" aria-label=\"2022-2023_inv_gp4pecs_hu be\u00e1gyaz\u00e1sa\"><\/object><a id=\"wp-block-file--media-ae258956-8632-4ca6-9cc8-4c7c52260b0c\" href=\"https:\/\/www.olimpici.hu\/blog\/wp-content\/uploads\/2023\/03\/2022-2023_inv_gp4pecs_hu.pdf\">2022-2023_inv_gp4pecs_hu<\/a><a href=\"https:\/\/www.olimpici.hu\/blog\/wp-content\/uploads\/2023\/03\/2022-2023_inv_gp4pecs_hu.pdf\" class=\"wp-block-file__button wp-element-button\" download aria-describedby=\"wp-block-file--media-ae258956-8632-4ca6-9cc8-4c7c52260b0c\">Let\u00f6lt\u00e9s<\/a><\/div>\n\n\n\n<div data-wp-interactive=\"\" class=\"wp-block-file\"><object data-wp-bind--hidden=\"!selectors.core.file.hasPdfPreview\" hidden class=\"wp-block-file__embed\" data=\"https:\/\/www.olimpici.hu\/blog\/wp-content\/uploads\/2023\/03\/2022_2023_inv_gp4Pecs_en.pdf\" type=\"application\/pdf\" style=\"width:100%;height:600px\" aria-label=\"2022_2023_inv_gp4Pecs_en be\u00e1gyaz\u00e1sa\"><\/object><a id=\"wp-block-file--media-15e444ae-b32c-4e37-b7f7-c6decddda823\" href=\"https:\/\/www.olimpici.hu\/blog\/wp-content\/uploads\/2023\/03\/2022_2023_inv_gp4Pecs_en.pdf\">2022_2023_inv_gp4Pecs_en<\/a><a href=\"https:\/\/www.olimpici.hu\/blog\/wp-content\/uploads\/2023\/03\/2022_2023_inv_gp4Pecs_en.pdf\" class=\"wp-block-file__button wp-element-button\" download aria-describedby=\"wp-block-file--media-15e444ae-b32c-4e37-b7f7-c6decddda823\">Let\u00f6lt\u00e9s<\/a><\/div>\n\n\n\n<p><strong><span style=\"color: #ff0000;\"><span style=\"color: #000000;\"><span style=\"color: #0000ff;\"><span style=\"color: #999999;\"><br><a href=\"https:\/\/www.olimpici.hu\/blog\/wp-content\/uploads\/2023\/01\/2022_2023_inv_gp4Pecs_en.pdf\">Versenyki\u00edr\u00e1s<\/a>&nbsp; <a href=\"ftp:\/\/olimpici.hu\/sites\/attachments\/2022-2023_inv_gp4pecs_hu.pdf\">invitation of competition<\/a>&nbsp;| <\/span><\/span><\/span><span style=\"color: #999999;\">Facebook-esem\u00e9ny <span style=\"color: #00ccff;\"><span style=\"color: #339966;\">(EL\u00c9RHET\u0150)<\/span><\/span><\/span><\/span><br>Rendez\u0151: PTE-PEAC<\/strong><\/p>\n\n\n\n<p><strong>Grand Prix 5.<br><span style=\"color: #ff0000;\"><span style=\"color: #000000;\"><span style=\"color: #0000ff;\"><span style=\"color: #999999;\"><span style=\"color: #99cc00;\">2023. m\u00e1jus 27-28<\/span><\/span><\/span><\/span><span style=\"color: #000000;\"><span style=\"color: #0000ff;\"><span style=\"color: #999999;\"><br>Versenyki\u00edr\u00e1s | <\/span><\/span><\/span><\/span><span style=\"color: #ff0000;\"><span style=\"color: #999999;\">Facebook-esem\u00e9ny <span style=\"color: #ff0000;\">(NEM EL\u00c9RHET\u0150)<\/span><\/span><\/span><br>Rendez\u0151: Alf\u00f6ld V\u00edv\u00f3 Akad\u00e9mia<\/strong><\/p>\n\n\n\n<p><strong>Grand Prix 6. Orsz\u00e1gos Bajnoks\u00e1g<br><span style=\"color: #ff0000;\"><span style=\"color: #000000;\"><span style=\"color: #0000ff;\"><span style=\"color: #999999;\"><span style=\"color: #99cc00;\">2023. j\u00fanius 17-22<\/span><br>Versenyki\u00edr\u00e1s | <\/span><\/span><\/span><\/span><span style=\"color: #ff0000;\"><span style=\"color: #999999;\">Facebook-esem\u00e9ny <span style=\"color: #ff0000;\">(NEM EL\u00c9RHET\u0150)<\/span><\/span><\/span><br>Rendez\u0151: Balaton V\u00edv\u00f3klub&nbsp;<\/strong><\/p>\n\n\n\n<p><\/p>\n","protected":false},"excerpt":{"rendered":"<p>Az Olimpici GP fordul\u00f3i a 2023\/2024-es id\u00e9nyben: 2023 okt\u00f3ber 06 &#8211; 2023 okt\u00f3ber 08 \u00a0\u2013 Debrecen (Hajd\u00fahadh\u00e1z)2023 december 01 &#8211; 03 \u00a0\u2013 Szolnok2024 febru\u00e1r 09 &#8211; 11 \u00a0\u2013 Budapest2024 m\u00e1rcius 23 &#8211; 24 \u00a0\u2013 P\u00e9cs2024 m\u00e1jus 17 &#8211; 19 \u00a0 \u2013 B\u00e9k\u00e9scsaba2024 j\u00fanius 23 &#8211; 28 \u00a0\u2013 Balatonf\u00fcred, Orsz\u00e1gos Bajnoks\u00e1g\u00a0 &#8212;&#8212;&#8212;&#8212;&#8212;&#8212;&#8212;&#8212;&#8212;&#8212;&#8212;&#8212;&#8212;&#8212;&#8212;&#8212;&#8212;&#8212;&#8212;&#8212;&#8212;&#8212;&nbsp; Grand Prix 1.F\u00fcl\u00f6p Gyula&hellip;&nbsp;<a href=\"https:\/\/www.olimpici.hu\/?page_id=4\" class=\"\" rel=\"bookmark\">Read More &raquo;<span class=\"screen-reader-text\">Versenyki\u00edr\u00e1sok<\/span><\/a><\/p>\n","protected":false},"author":2,"featured_media":0,"parent":0,"menu_order":0,"comment_status":"closed","ping_status":"closed","template":"","meta":{"neve_meta_sidebar":"","neve_meta_container":"","neve_meta_enable_content_width":"","neve_meta_content_width":0,"neve_meta_title_alignment":"","neve_meta_author_avatar":"","neve_post_elements_order":"","neve_meta_disable_header":"","neve_meta_disable_footer":"","neve_meta_disable_title":"","footnotes":""},"_links":{"self":[{"href":"https:\/\/www.olimpici.hu\/index.php?rest_route=\/wp\/v2\/pages\/4"}],"collection":[{"href":"https:\/\/www.olimpici.hu\/index.php?rest_route=\/wp\/v2\/pages"}],"about":[{"href":"https:\/\/www.olimpici.hu\/index.php?rest_route=\/wp\/v2\/types\/page"}],"author":[{"embeddable":true,"href":"https:\/\/www.olimpici.hu\/index.php?rest_route=\/wp\/v2\/users\/2"}],"replies":[{"embeddable":true,"href":"https:\/\/www.olimpici.hu\/index.php?rest_route=%2Fwp%2Fv2%2Fcomments&post=4"}],"version-history":[{"count":373,"href":"https:\/\/www.olimpici.hu\/index.php?rest_route=\/wp\/v2\/pages\/4\/revisions"}],"predecessor-version":[{"id":6693,"href":"https:\/\/www.olimpici.hu\/index.php?rest_route=\/wp\/v2\/pages\/4\/revisions\/6693"}],"wp:attachment":[{"href":"https:\/\/www.olimpici.hu\/index.php?rest_route=%2Fwp%2Fv2%2Fmedia&parent=4"}],"curies":[{"name":"wp","href":"https:\/\/api.w.org\/{rel}","templated":true}]}}