{"id":4172,"date":"2017-10-27T12:15:43","date_gmt":"2017-10-27T10:15:43","guid":{"rendered":"https:\/\/www.olimpici.hu\/?page_id=4172"},"modified":"2018-06-21T13:50:27","modified_gmt":"2018-06-21T11:50:27","slug":"gp-eredmenyekresults-20172018","status":"publish","type":"page","link":"https:\/\/www.olimpici.hu\/?page_id=4172","title":{"rendered":"GP-eredm\u00e9nyek\/results 2017\/2018"},"content":{"rendered":"<p>&nbsp;<\/p>\n<table class=\"gp_results\" border=\"0\">\n<tbody>\n<tr>\n<th colspan=\"2\" scope=\"col\">GP &#8211; Orsz\u00e1gos Bajnoks\u00e1g, Balatonf\u00fcred<br \/>\n<strong><span style=\"font-size: 13px; line-height: 19px;\">2018&#8217;06.15\u201320.<br \/>\n<\/span><\/strong><span style=\"font-size: 0.75em; font-weight: normal; line-height: 19px;\">Az OB \u00f6sszes eredm\u00e9ny\u00e9nek <\/span><a style=\"font-size: 0.75em; font-weight: normal; line-height: 19px;\" href=\"https:\/\/drive.google.com\/open?id=1oFHcjX3OProSv3FyXuWTaFeUgS_2NUnW\" target=\"_blank\" rel=\"noopener\">let\u00f6lt\u00e9se<\/a><span style=\"font-size: 0.75em; font-weight: normal; line-height: 19px;\"> ZIP-be t\u00f6m\u00f6r\u00edtve\u00a0<span style=\"color: #00ff00;\">\u2022<\/span><\/span><\/th>\n<\/tr>\n<tr>\n<td style=\"text-align: center;\"><strong>Fi\u00fak<\/strong><\/p>\n<ul>\n<li>T\u00f6rpici <a href=\"http:\/\/www.olimpici.hu\/sites\/attachments\/eredmenyek\/20180615-gpob-bfured\/180618_OlimpiciGPob_tpF.pdf\" target=\"_blank\" rel=\"noopener\">egy\u00e9ni<\/a> <span style=\"color: #ff0000;\"><span style=\"color: #00ff00;\">\u2022<\/span> <span style=\"color: #000000;\">|<\/span><\/span> <a href=\"http:\/\/www.olimpici.hu\/sites\/attachments\/eredmenyek\/20180615-gpob-bfured\/180619_OlimpiciGPob_tpFcs.pdf\" target=\"_blank\" rel=\"noopener\">csapat<\/a> <span style=\"color: #00ff00;\">\u2022<\/span><\/li>\n<li>Gyermek <a href=\"http:\/\/www.olimpici.hu\/sites\/attachments\/eredmenyek\/20180615-gpob-bfured\/180615_OlimpiciGPob_gyF.pdf\" target=\"_blank\" rel=\"noopener\">egy\u00e9ni<\/a> <span style=\"color: #00ff00;\">\u2022 <\/span>|\u00a0<a href=\"http:\/\/www.olimpici.hu\/sites\/attachments\/eredmenyek\/20180615-gpob-bfured\/180616_OlimpiciGPob_gyFcs.pdf\" target=\"_blank\" rel=\"noopener\">csapat<\/a> <span style=\"color: #00ff00;\">\u2022<\/span><\/li>\n<li>\u00dajonc <a href=\"http:\/\/www.olimpici.hu\/sites\/attachments\/eredmenyek\/20180615-gpob-bfured\/180617_OlimpiciGPob_ujF.pdf\" target=\"_blank\" rel=\"noopener\">egy\u00e9ni<\/a> <span style=\"color: #00ff00;\">\u2022<\/span> |\u00a0<a href=\"http:\/\/www.olimpici.hu\/sites\/attachments\/eredmenyek\/20180615-gpob-bfured\/180618_OlimpiciGPob_ujFcs.pdf\" target=\"_blank\" rel=\"noopener\">csapat<\/a> <span style=\"color: #00ff00;\">\u2022<\/span><\/li>\n<li>Serd\u00fcl\u0151 <a href=\"http:\/\/www.olimpici.hu\/sites\/attachments\/eredmenyek\/20180615-gpob-bfured\/180619_OlimpiciGPob_serF.pdf\" target=\"_blank\" rel=\"noopener\">egy\u00e9ni<\/a> <span style=\"color: #00ff00;\">\u2022 <\/span>|\u00a0<a href=\"http:\/\/www.olimpici.hu\/sites\/attachments\/eredmenyek\/20180615-gpob-bfured\/180620_OlimpiciGPob_serFcs.pdf\" target=\"_blank\" rel=\"noopener\">csapat<\/a> <span style=\"color: #00ff00;\">\u2022<\/span><\/li>\n<\/ul>\n<\/td>\n<td style=\"text-align: center;\"><strong>Le\u00e1nyok<\/strong><\/p>\n<ul>\n<li>T\u00f6rpici <a href=\"http:\/\/www.olimpici.hu\/sites\/attachments\/eredmenyek\/20180615-gpob-bfured\/180616_OlimpiciGPob_tpL.pdf\" target=\"_blank\" rel=\"noopener\">egy\u00e9ni<\/a> <span style=\"color: #00ff00;\">\u2022 <\/span>|\u00a0<a href=\"http:\/\/www.olimpici.hu\/sites\/attachments\/eredmenyek\/20180615-gpob-bfured\/180617_OlimpiciGPob_tpLcs.pdf\" target=\"_blank\" rel=\"noopener\">csapat<\/a> <span style=\"color: #00ff00;\">\u2022<\/span><\/li>\n<li>Gyermek <a href=\"http:\/\/www.olimpici.hu\/sites\/attachments\/eredmenyek\/20180615-gpob-bfured\/180615_OlimpiciGPob_gyL.pdf\" target=\"_blank\" rel=\"noopener\">egy\u00e9ni<\/a> <span style=\"color: #00ff00;\">\u2022 <\/span>|\u00a0<a href=\"http:\/\/www.olimpici.hu\/sites\/attachments\/eredmenyek\/20180615-gpob-bfured\/180616_OlimpiciGPob_gyLcs.pdf\" target=\"_blank\" rel=\"noopener\">csapat<\/a> <span style=\"color: #00ff00;\">\u2022<\/span><\/li>\n<li>\u00dajonc <a href=\"http:\/\/www.olimpici.hu\/sites\/attachments\/eredmenyek\/20180615-gpob-bfured\/180617_OlimpiciGPob_ujL.pdf\" target=\"_blank\" rel=\"noopener\">egy\u00e9ni<\/a> <span style=\"color: #00ff00;\">\u2022 <\/span>|\u00a0<a href=\"http:\/\/www.olimpici.hu\/sites\/attachments\/eredmenyek\/20180615-gpob-bfured\/180618_OlimpiciGPob_ujLcs.pdf\" target=\"_blank\" rel=\"noopener\">csapat<\/a> <span style=\"color: #00ff00;\">\u2022<\/span><\/li>\n<li>Serd\u00fcl\u0151 <a href=\"http:\/\/www.olimpici.hu\/sites\/attachments\/eredmenyek\/20180615-gpob-bfured\/180619_OlimpiciGPob_serL.pdf\" target=\"_blank\" rel=\"noopener\">egy\u00e9ni<\/a> <span style=\"color: #00ff00;\">\u2022 <\/span>|\u00a0<a href=\"http:\/\/www.olimpici.hu\/sites\/attachments\/eredmenyek\/20180615-gpob-bfured\/180620_OlimpiciGPob_serLcs.pdf\" target=\"_blank\" rel=\"noopener\">csapat<\/a> <span style=\"color: #00ff00;\">\u2022<\/span><\/li>\n<\/ul>\n<\/td>\n<\/tr>\n<\/tbody>\n<\/table>\n<p><!--more--><\/p>\n<p><!--more--><\/p>\n<p><span style=\"color: #ffffff;\">&#8230;&#8230;<\/span><\/p>\n<table class=\"gp_results\" border=\"0\">\n<tbody>\n<tr>\n<th colspan=\"2\" scope=\"col\">GP5 &#8211; Csaba Kupa\/Cup<br \/>\n2018&#8242; 05. 11\u201312\u201313.<\/th>\n<\/tr>\n<tr>\n<td style=\"text-align: center;\"><strong>Fi\u00fak \/ Boys<\/strong><\/p>\n<ul>\n<li><a href=\"http:\/\/www.olimpici.hu\/sites\/attachments\/eredmenyek\/20180511-gp5-bcs\/180512_OlimpiciGP5_tpF.pdf\" target=\"_blank\" rel=\"noopener noreferrer\">T\u00f6rpici\/Mini<\/a> <span style=\"color: #00ff00;\">\u2022<\/span><\/li>\n<li><a href=\"http:\/\/www.olimpici.hu\/sites\/attachments\/eredmenyek\/20180511-gp5-bcs\/180511_OlimpiciGP5_gyF.pdf\" target=\"_blank\" rel=\"noopener noreferrer\">Gyermek\/Kid<\/a> <span style=\"color: #00ff00;\">\u2022<\/span><\/li>\n<li><a href=\"http:\/\/www.olimpici.hu\/sites\/attachments\/eredmenyek\/20180511-gp5-bcs\/180512_OlimpiciGP5_ujF.pdf\" target=\"_blank\" rel=\"noopener noreferrer\">\u00dajonc\/Novices<\/a> <span style=\"color: #00ff00;\">\u2022<\/span><\/li>\n<li><a href=\"http:\/\/www.olimpici.hu\/sites\/attachments\/eredmenyek\/20180511-gp5-bcs\/180513_OlimpiciGP5_serF.pdf\" target=\"_blank\" rel=\"noopener noreferrer\">Serd\u00fcl\u0151\/Adolescent<\/a><span style=\"color: #00ff00;\"> \u2022<\/span><\/li>\n<\/ul>\n<\/td>\n<td style=\"text-align: center;\"><strong>Le\u00e1nyok \/ Girls<\/strong><\/p>\n<ul>\n<li><a href=\"http:\/\/www.olimpici.hu\/sites\/attachments\/eredmenyek\/20180511-gp5-bcs\/180513_OlimpiciGP5_tpL.pdf\" target=\"_blank\" rel=\"noopener noreferrer\">T\u00f6rpici\/Mini<\/a> <span style=\"color: #00ff00;\">\u2022<\/span><\/li>\n<li><a href=\"http:\/\/www.olimpici.hu\/sites\/attachments\/eredmenyek\/20180511-gp5-bcs\/180511_OlimpiciGP5_gyL.pdf\" target=\"_blank\" rel=\"noopener noreferrer\">Gyermek\/Kid<\/a><span style=\"color: #00ff00;\"> \u2022<\/span><\/li>\n<li><a href=\"http:\/\/www.olimpici.hu\/sites\/attachments\/eredmenyek\/20180511-gp5-bcs\/180512_OlimpiciGP5_ujL.pdf\" target=\"_blank\" rel=\"noopener noreferrer\">\u00dajonc\/Novices<\/a> <span style=\"color: #00ff00;\">\u2022<\/span><\/li>\n<li><a href=\"http:\/\/www.olimpici.hu\/sites\/attachments\/eredmenyek\/20180511-gp5-bcs\/180513_OlimpiciGP5_serL.pdf\" target=\"_blank\" rel=\"noopener noreferrer\">Serd\u00fcl\u0151\/Adolescent<\/a> <span style=\"color: #00ff00;\">\u2022<\/span><\/li>\n<\/ul>\n<\/td>\n<\/tr>\n<\/tbody>\n<\/table>\n<p><span style=\"color: #ffffff;\">&#8230;&#8230;<\/span><\/p>\n<table class=\"gp_results\" border=\"0\">\n<tbody>\n<tr>\n<th colspan=\"2\" scope=\"col\">GP4 &#8211; B\u00fckf\u00fcrd\u0151 Kupa\/Cup<br \/>\n2018&#8242; 03. 09\u201310\u201311.<\/th>\n<\/tr>\n<tr>\n<td style=\"text-align: center;\"><strong>Fi\u00fak \/ Boys<\/strong><\/p>\n<ul>\n<li><a href=\"http:\/\/www.olimpici.hu\/sites\/attachments\/eredmenyek\/20180309-gp4-buk\/180310_OlimpiciGP4_tpF.pdf\" target=\"_blank\" rel=\"noopener noreferrer\">T\u00f6rpici\/Mini<\/a> <span style=\"color: #00ff00;\">\u2022<\/span><\/li>\n<li><a href=\"http:\/\/www.olimpici.hu\/sites\/attachments\/eredmenyek\/20180309-gp4-buk\/180309_OlimpiciGP4_gyF.pdf\" target=\"_blank\" rel=\"noopener noreferrer\">Gyermek\/Kid<\/a> <span style=\"color: #00ff00;\">\u2022<\/span><\/li>\n<li><a href=\"http:\/\/www.olimpici.hu\/sites\/attachments\/eredmenyek\/20180309-gp4-buk\/180310_OlimpiciGP4_ujF.pdf\" target=\"_blank\" rel=\"noopener noreferrer\">\u00dajonc\/Novices<\/a> <span style=\"color: #00ff00;\">\u2022<\/span><\/li>\n<li><a href=\"http:\/\/www.olimpici.hu\/sites\/attachments\/eredmenyek\/20180309-gp4-buk\/180311_OlimpiciGP4_serF.pdf\" target=\"_blank\" rel=\"noopener noreferrer\">Serd\u00fcl\u0151\/Adolescent<\/a><span style=\"color: #00ff00;\"> \u2022<\/span><\/li>\n<\/ul>\n<\/td>\n<td style=\"text-align: center;\"><strong>Le\u00e1nyok \/ Girls<\/strong><\/p>\n<ul>\n<li><a href=\"http:\/\/www.olimpici.hu\/sites\/attachments\/eredmenyek\/20180309-gp4-buk\/180311_OlimpiciGP4_tpL.pdf\" target=\"_blank\" rel=\"noopener noreferrer\">T\u00f6rpici\/Mini<\/a> <span style=\"color: #00ff00;\">\u2022<\/span><\/li>\n<li><a href=\"http:\/\/www.olimpici.hu\/sites\/attachments\/eredmenyek\/20180309-gp4-buk\/180309_OlimpiciGP4_gyL.pdf\" target=\"_blank\" rel=\"noopener noreferrer\">Gyermek\/Kid<\/a><span style=\"color: #00ff00;\"> \u2022<\/span><\/li>\n<li><a href=\"http:\/\/www.olimpici.hu\/sites\/attachments\/eredmenyek\/20180309-gp4-buk\/180310_OlimpiciGP4_ujL.pdf\" target=\"_blank\" rel=\"noopener noreferrer\">\u00dajonc\/Novices<\/a> <span style=\"color: #00ff00;\">\u2022<\/span><\/li>\n<li><a href=\"http:\/\/www.olimpici.hu\/sites\/attachments\/eredmenyek\/20180309-gp4-buk\/180311_OlimpiciGP4_serL.pdf\" target=\"_blank\" rel=\"noopener noreferrer\">Serd\u00fcl\u0151\/Adolescent<\/a> <span style=\"color: #00ff00;\">\u2022<\/span><\/li>\n<\/ul>\n<\/td>\n<\/tr>\n<\/tbody>\n<\/table>\n<p><span style=\"color: #ffffff;\">&#8230;&#8230;<\/span><\/p>\n<table class=\"gp_results\" border=\"0\">\n<tbody>\n<tr>\n<th colspan=\"2\" scope=\"col\">GP3 &#8211; PBT Kupa\/Cup<br \/>\n2018&#8242; 02. 16\u201317\u201318.<\/th>\n<\/tr>\n<tr>\n<td style=\"text-align: center;\"><strong>Fi\u00fak \/ Boys<\/strong><\/p>\n<ul>\n<li><a href=\"http:\/\/www.olimpici.hu\/sites\/attachments\/eredmenyek\/20180216-gp3-bp\/180217_OlimpiciGP3_tpF.pdf\" target=\"_blank\" rel=\"noopener noreferrer\">T\u00f6rpici\/Mini<\/a> <span style=\"color: #00ff00;\">\u2022<\/span><\/li>\n<li><a href=\"http:\/\/www.olimpici.hu\/sites\/attachments\/eredmenyek\/20180216-gp3-bp\/180216_OlimpiciGP3_gyF.pdf\" target=\"_blank\" rel=\"noopener noreferrer\">Gyermek\/Kid<\/a> <span style=\"color: #00ff00;\">\u2022<\/span><\/li>\n<li><a href=\"http:\/\/www.olimpici.hu\/sites\/attachments\/eredmenyek\/20180216-gp3-bp\/180217_OlimpiciGP3_ujF.pdf\" target=\"_blank\" rel=\"noopener noreferrer\">\u00dajonc\/Novices<\/a> <span style=\"color: #00ff00;\">\u2022<\/span><\/li>\n<li><a href=\"http:\/\/www.olimpici.hu\/sites\/attachments\/eredmenyek\/20180216-gp3-bp\/180218_OlimpiciGP3_serF.pdf\" target=\"_blank\" rel=\"noopener noreferrer\">Serd\u00fcl\u0151\/Adolescent<\/a><span style=\"color: #00ff00;\"> \u2022<\/span><\/li>\n<\/ul>\n<\/td>\n<td style=\"text-align: center;\"><strong>Le\u00e1nyok \/ Girls<\/strong><\/p>\n<ul>\n<li><a href=\"http:\/\/www.olimpici.hu\/sites\/attachments\/eredmenyek\/20180216-gp3-bp\/180218_OlimpiciGP3_tpL.pdf\" target=\"_blank\" rel=\"noopener noreferrer\">T\u00f6rpici\/Mini<\/a> <span style=\"color: #00ff00;\">\u2022<\/span><\/li>\n<li><a href=\"http:\/\/www.olimpici.hu\/sites\/attachments\/eredmenyek\/20180216-gp3-bp\/180216_OlimpiciGP3_gyL.pdf\" target=\"_blank\" rel=\"noopener noreferrer\">Gyermek\/Kid<\/a> <span style=\"color: #00ff00;\">\u2022<\/span><\/li>\n<li><a href=\"http:\/\/www.olimpici.hu\/sites\/attachments\/eredmenyek\/20180216-gp3-bp\/180217_OlimpiciGP3_ujL.pdf\" target=\"_blank\" rel=\"noopener noreferrer\">\u00dajonc\/Novices<\/a> <span style=\"color: #00ff00;\">\u2022<\/span><\/li>\n<li><a href=\"http:\/\/www.olimpici.hu\/sites\/attachments\/eredmenyek\/20180216-gp3-bp\/180218_OlimpiciGP3_serL.pdf\" target=\"_blank\" rel=\"noopener noreferrer\">Serd\u00fcl\u0151\/Adolescent<\/a> <span style=\"color: #00ff00;\">\u2022<\/span><\/li>\n<\/ul>\n<\/td>\n<\/tr>\n<\/tbody>\n<\/table>\n<p><span style=\"color: #ffffff;\">&#8230;&#8230;<\/span><\/p>\n<table class=\"gp_results\" border=\"0\">\n<tbody>\n<tr>\n<th colspan=\"2\" scope=\"col\">GP2 &#8211; Szolnok Kupa\/Cup<br \/>\n2017&#8242; 12. 15\u201316\u201317.<\/th>\n<\/tr>\n<tr>\n<td style=\"text-align: center;\"><strong>Fi\u00fak \/ Boys<\/strong><\/p>\n<ul>\n<li><a href=\"http:\/\/www.olimpici.hu\/sites\/attachments\/eredmenyek\/20171215-gp2-szolnok\/171216_OlimpiciGP2_tpF.pdf\" target=\"_blank\" rel=\"noopener noreferrer\">T\u00f6rpici\/Mini<\/a> <span style=\"color: #00ff00;\">\u2022<\/span><\/li>\n<li><a href=\"http:\/\/www.olimpici.hu\/sites\/attachments\/eredmenyek\/20171215-gp2-szolnok\/171215_OlimpiciGP2_gyF.pdf\" target=\"_blank\" rel=\"noopener noreferrer\">Gyermek\/Kid<\/a> <span style=\"color: #00ff00;\">\u2022<\/span><\/li>\n<li><a href=\"http:\/\/www.olimpici.hu\/sites\/attachments\/eredmenyek\/20171215-gp2-szolnok\/171216_OlimpiciGP2_ujF.pdf\" target=\"_blank\" rel=\"noopener noreferrer\">\u00dajonc\/Novices<\/a> <span style=\"color: #00ff00;\">\u2022<\/span><\/li>\n<li><a href=\"http:\/\/www.olimpici.hu\/sites\/attachments\/eredmenyek\/20171215-gp2-szolnok\/171217_OlimpiciGP2_serF.pdf\" target=\"_blank\" rel=\"noopener noreferrer\">Serd\u00fcl\u0151\/Adolescent<\/a><span style=\"color: #00ff00;\"> \u2022<\/span><\/li>\n<\/ul>\n<\/td>\n<td style=\"text-align: center;\"><strong>Le\u00e1nyok \/ Girls<\/strong><\/p>\n<ul>\n<li><a href=\"http:\/\/www.olimpici.hu\/sites\/attachments\/eredmenyek\/20171215-gp2-szolnok\/171216_OlimpiciGP2_tpL.pdf\" target=\"_blank\" rel=\"noopener noreferrer\">T\u00f6rpici\/Mini<\/a> <span style=\"color: #00ff00;\">\u2022<\/span><\/li>\n<li><a href=\"http:\/\/www.olimpici.hu\/sites\/attachments\/eredmenyek\/20171215-gp2-szolnok\/171215_OlimpiciGP2_gyL.pdf\" target=\"_blank\" rel=\"noopener noreferrer\">Gyermek\/Kid<\/a> <span style=\"color: #00ff00;\">\u2022<\/span><\/li>\n<li><a href=\"http:\/\/www.olimpici.hu\/sites\/attachments\/eredmenyek\/20171215-gp2-szolnok\/171216_OlimpiciGP2_ujL.pdf\" target=\"_blank\" rel=\"noopener noreferrer\">\u00dajonc\/Novices<\/a> <span style=\"color: #00ff00;\">\u2022<\/span><\/li>\n<li><a href=\"http:\/\/www.olimpici.hu\/sites\/attachments\/eredmenyek\/20171215-gp2-szolnok\/171217_OlimpiciGP2_serL.pdf\" target=\"_blank\" rel=\"noopener noreferrer\">Serd\u00fcl\u0151\/Adolescent<\/a> <span style=\"color: #00ff00;\">\u2022<\/span><\/li>\n<\/ul>\n<\/td>\n<\/tr>\n<\/tbody>\n<\/table>\n<p><span style=\"color: #ffffff;\">&#8230;&#8230;<\/span><\/p>\n<table class=\"gp_results\" border=\"0\">\n<tbody>\n<tr>\n<th colspan=\"2\" scope=\"col\">GP1 &#8211; F\u00fcl\u00f6p Gyula Eml\u00e9kverseny\/Remembrance of F\u00fcl\u00f6p Gyula<br \/>\n2017&#8217;10. 27\u201328\u201329.<\/th>\n<\/tr>\n<tr>\n<td style=\"text-align: center;\"><strong>Fi\u00fak \/ Boys<\/strong><\/p>\n<ul>\n<li><a href=\"http:\/\/www.olimpici.hu\/sites\/attachments\/eredmenyek\/20171027-gp1-debrecen\/171028_OlimpiciGP1_tpF.pdf\" target=\"_blank\" rel=\"noopener noreferrer\">T\u00f6rpici\/Mini<\/a> <span style=\"color: #00ff00;\">\u2022<\/span><\/li>\n<li><a href=\"http:\/\/www.olimpici.hu\/sites\/attachments\/eredmenyek\/20171027-gp1-debrecen\/171027_OlimpiciGP1_gyF.pdf\" target=\"_blank\" rel=\"noopener noreferrer\">Gyermek\/Kid<\/a> <span style=\"color: #00ff00;\">\u2022<\/span><\/li>\n<li><a href=\"http:\/\/www.olimpici.hu\/sites\/attachments\/eredmenyek\/20171027-gp1-debrecen\/171028_OlimpiciGP1_ujF.pdf\" target=\"_blank\" rel=\"noopener noreferrer\">\u00dajonc\/Novices<\/a> <span style=\"color: #00ff00;\">\u2022<\/span><\/li>\n<li><a href=\"http:\/\/www.olimpici.hu\/sites\/attachments\/eredmenyek\/20171027-gp1-debrecen\/171029_OlimpiciGP1_serF.pdf\" target=\"_blank\" rel=\"noopener noreferrer\">Serd\u00fcl\u0151\/Adolescent<\/a> <span style=\"color: #00ff00;\">\u2022<\/span><\/li>\n<\/ul>\n<\/td>\n<td style=\"text-align: center;\"><strong>Le\u00e1nyok \/ Girls<\/strong><\/p>\n<ul>\n<li><a href=\"http:\/\/www.olimpici.hu\/sites\/attachments\/eredmenyek\/20171027-gp1-debrecen\/171029_OlimpiciGP1_tpL.pdf\" target=\"_blank\" rel=\"noopener noreferrer\">T\u00f6rpici\/Mini<\/a> <span style=\"color: #00ff00;\">\u2022<\/span><\/li>\n<li><a href=\"http:\/\/www.olimpici.hu\/sites\/attachments\/eredmenyek\/20171027-gp1-debrecen\/171027_OlimpiciGP1_gyL.pdf\" target=\"_blank\" rel=\"noopener noreferrer\">Gyermek\/Kid<\/a> <span style=\"color: #00ff00;\">\u2022<\/span><\/li>\n<li><a href=\"http:\/\/www.olimpici.hu\/sites\/attachments\/eredmenyek\/20171027-gp1-debrecen\/171028_OlimpiciGP1_ujL.pdf\" target=\"_blank\" rel=\"noopener noreferrer\">\u00dajonc\/Novices<\/a> <span style=\"color: #00ff00;\">\u2022<\/span><\/li>\n<li><a href=\"http:\/\/www.olimpici.hu\/sites\/attachments\/eredmenyek\/20171027-gp1-debrecen\/171029_OlimpiciGP1_serL.pdf\" target=\"_blank\" rel=\"noopener noreferrer\">Serd\u00fcl\u0151\/Adolescent<\/a> <span style=\"color: #00ff00;\">\u2022<\/span><\/li>\n<\/ul>\n<\/td>\n<\/tr>\n<\/tbody>\n<\/table>\n","protected":false},"excerpt":{"rendered":"<p>&nbsp; GP &#8211; Orsz\u00e1gos Bajnoks\u00e1g, Balatonf\u00fcred 2018&#8217;06.15\u201320. Az OB \u00f6sszes eredm\u00e9ny\u00e9nek let\u00f6lt\u00e9se ZIP-be t\u00f6m\u00f6r\u00edtve\u00a0\u2022 Fi\u00fak T\u00f6rpici egy\u00e9ni \u2022 | csapat \u2022 Gyermek egy\u00e9ni \u2022 |\u00a0csapat \u2022 \u00dajonc egy\u00e9ni \u2022 |\u00a0csapat \u2022 Serd\u00fcl\u0151 egy\u00e9ni \u2022 |\u00a0csapat \u2022 Le\u00e1nyok T\u00f6rpici egy\u00e9ni \u2022 |\u00a0csapat \u2022 Gyermek egy\u00e9ni \u2022 |\u00a0csapat \u2022 \u00dajonc egy\u00e9ni \u2022 |\u00a0csapat \u2022 Serd\u00fcl\u0151 egy\u00e9ni \u2022&hellip;&nbsp;<a href=\"https:\/\/www.olimpici.hu\/?page_id=4172\" class=\"\" rel=\"bookmark\">Read More &raquo;<span class=\"screen-reader-text\">GP-eredm\u00e9nyek\/results 2017\/2018<\/span><\/a><\/p>\n","protected":false},"author":2,"featured_media":0,"parent":6,"menu_order":12,"comment_status":"closed","ping_status":"closed","template":"","meta":{"neve_meta_sidebar":"","neve_meta_container":"","neve_meta_enable_content_width":"","neve_meta_content_width":0,"neve_meta_title_alignment":"","neve_meta_author_avatar":"","neve_post_elements_order":"","neve_meta_disable_header":"","neve_meta_disable_footer":"","neve_meta_disable_title":"","footnotes":""},"_links":{"self":[{"href":"https:\/\/www.olimpici.hu\/index.php?rest_route=\/wp\/v2\/pages\/4172"}],"collection":[{"href":"https:\/\/www.olimpici.hu\/index.php?rest_route=\/wp\/v2\/pages"}],"about":[{"href":"https:\/\/www.olimpici.hu\/index.php?rest_route=\/wp\/v2\/types\/page"}],"author":[{"embeddable":true,"href":"https:\/\/www.olimpici.hu\/index.php?rest_route=\/wp\/v2\/users\/2"}],"replies":[{"embeddable":true,"href":"https:\/\/www.olimpici.hu\/index.php?rest_route=%2Fwp%2Fv2%2Fcomments&post=4172"}],"version-history":[{"count":38,"href":"https:\/\/www.olimpici.hu\/index.php?rest_route=\/wp\/v2\/pages\/4172\/revisions"}],"predecessor-version":[{"id":4673,"href":"https:\/\/www.olimpici.hu\/index.php?rest_route=\/wp\/v2\/pages\/4172\/revisions\/4673"}],"up":[{"embeddable":true,"href":"https:\/\/www.olimpici.hu\/index.php?rest_route=\/wp\/v2\/pages\/6"}],"wp:attachment":[{"href":"https:\/\/www.olimpici.hu\/index.php?rest_route=%2Fwp%2Fv2%2Fmedia&parent=4172"}],"curies":[{"name":"wp","href":"https:\/\/api.w.org\/{rel}","templated":true}]}}