{"id":6,"date":"2007-10-31T00:30:02","date_gmt":"2007-10-30T22:30:02","guid":{"rendered":"http:\/\/www.olimpici.hu\/blog\/?page_id=6"},"modified":"2021-12-10T23:01:31","modified_gmt":"2021-12-10T21:01:31","slug":"gp-eredmenyek","status":"publish","type":"page","link":"https:\/\/www.olimpici.hu\/?page_id=6","title":{"rendered":"GP-eredm\u00e9nyek"},"content":{"rendered":"<ul>\n<li><a href=\"https:\/\/www.olimpici.hu\/?page_id=5824\">2021\/2022<\/a><\/li>\n<li><a href=\"https:\/\/www.olimpici.hu\/?page_id=5312\">2019\/2020<\/a><\/li>\n<li><a href=\"https:\/\/www.olimpici.hu\/?page_id=4780\">2018\/2019<\/a><\/li>\n<li><a href=\"http:\/\/www.olimpici.hu\/?page_id=4172\">2017\/2018<\/a><\/li>\n<li><a href=\"http:\/\/www.olimpici.hu\/?page_id=3501\">2016\/2017<\/a><\/li>\n<li><a href=\"http:\/\/www.olimpici.hu\/?page_id=2683\">2015\/2016<\/a><\/li>\n<li><a href=\"http:\/\/www.olimpici.hu\/?page_id=1896\">2014\/2015<\/a><\/li>\n<li><a href=\"http:\/\/www.olimpici.hu\/?page_id=1282\">2013\/2014<\/a><\/li>\n<li><a href=\"http:\/\/www.olimpici.hu\/?page_id=888\">2012\/2013<\/a><\/li>\n<li><a href=\"http:\/\/www.olimpici.hu\/?page_id=613\">2011\/2012<\/a><\/li>\n<li><a href=\"http:\/\/www.olimpici.hu\/?page_id=295\">2010\/2011<\/a><\/li>\n<li><a href=\"http:\/\/www.olimpici.hu\/?page_id=216\">2009\/2010<\/a><\/li>\n<li><a href=\"http:\/\/www.olimpici.hu\/?page_id=134\">2008\/2009<\/a><\/li>\n<li><a href=\"http:\/\/www.olimpici.hu\/?page_id=14\">2007\/2008<\/a><\/li>\n<li><a href=\"http:\/\/www.olimpici.hu\/?page_id=13\">2006\/2007<\/a><\/li>\n<\/ul>\n<div><span style=\"color: #ffffff;\">_<\/span><\/p>\n<p><span style=\"color: #ffffff;\">_<\/span><\/p>\n<p>Az eredm\u00e9nyek a 2009\/2010-es id\u00e9nyt\u0151l kiz\u00e1r\u00f3lag pdf form\u00e1tumban tekinthet\u0151k meg. Ha m\u00e9g nincs Adobe Reader a sz\u00e1m\u00edt\u00f3g\u00e9peden, ingyenesen let\u00f6ltheted:<\/p>\n<\/div>\n<p style=\"text-align: center;\"><a title=\"Acrobat Reader\" href=\"http:\/\/www.adobe.com\/uk\/products\/acrobat\/readstep2_allversions.html\" target=\"_blank\" rel=\"noopener noreferrer\"><img decoding=\"async\" class=\"aligncenter\" style=\"horizontal-align: middle;\" src=\"http:\/\/www.olimpici.hu\/sites\/fotoalbum\/00_pix4news\/get_adobe_reader.gif\" alt=\"Adobe\" \/><\/a><\/p>\n<p style=\"text-align: center;\">Results can be seen with an Adobe Reader. Click to download if You have not got in your computer.<\/p>\n<p style=\"text-align: center;\">\n","protected":false},"excerpt":{"rendered":"<p>2021\/2022 2019\/2020 2018\/2019 2017\/2018 2016\/2017 2015\/2016 2014\/2015 2013\/2014 2012\/2013 2011\/2012 2010\/2011 2009\/2010 2008\/2009 2007\/2008 2006\/2007 _ _ Az eredm\u00e9nyek a 2009\/2010-es id\u00e9nyt\u0151l kiz\u00e1r\u00f3lag pdf form\u00e1tumban tekinthet\u0151k meg. Ha m\u00e9g nincs Adobe Reader a sz\u00e1m\u00edt\u00f3g\u00e9peden, ingyenesen let\u00f6ltheted: Results can be seen with an Adobe Reader. Click to download if You have not got in your computer.<\/p>\n","protected":false},"author":1,"featured_media":0,"parent":0,"menu_order":0,"comment_status":"closed","ping_status":"closed","template":"","meta":{"neve_meta_sidebar":"","neve_meta_container":"","neve_meta_enable_content_width":"","neve_meta_content_width":0,"neve_meta_title_alignment":"","neve_meta_author_avatar":"","neve_post_elements_order":"","neve_meta_disable_header":"","neve_meta_disable_footer":"","neve_meta_disable_title":"","footnotes":""},"_links":{"self":[{"href":"https:\/\/www.olimpici.hu\/index.php?rest_route=\/wp\/v2\/pages\/6"}],"collection":[{"href":"https:\/\/www.olimpici.hu\/index.php?rest_route=\/wp\/v2\/pages"}],"about":[{"href":"https:\/\/www.olimpici.hu\/index.php?rest_route=\/wp\/v2\/types\/page"}],"author":[{"embeddable":true,"href":"https:\/\/www.olimpici.hu\/index.php?rest_route=\/wp\/v2\/users\/1"}],"replies":[{"embeddable":true,"href":"https:\/\/www.olimpici.hu\/index.php?rest_route=%2Fwp%2Fv2%2Fcomments&post=6"}],"version-history":[{"count":13,"href":"https:\/\/www.olimpici.hu\/index.php?rest_route=\/wp\/v2\/pages\/6\/revisions"}],"predecessor-version":[{"id":6220,"href":"https:\/\/www.olimpici.hu\/index.php?rest_route=\/wp\/v2\/pages\/6\/revisions\/6220"}],"wp:attachment":[{"href":"https:\/\/www.olimpici.hu\/index.php?rest_route=%2Fwp%2Fv2%2Fmedia&parent=6"}],"curies":[{"name":"wp","href":"https:\/\/api.w.org\/{rel}","templated":true}]}}